hen o is divided by 25.
24
Let y = -286 + 301. What is the remainder when 50 is divided by y?
5
Let j = 31 + -20. Calculate the remainder when 43 is divided by j.
10
Suppose -15 - 10 = 5*l. Let z(g) = -5*g + 11. What is the remainder when z(l) is divided by 13?
10
Let k(z) = -z**2 - 7*z. Suppose w = -4 - 1. Suppose -t = -3*h + 85, -4*h + 62 = -2*t - 54. Calculate the remainder when h is divided by k(w).
7
Let p = -40 + 42. Suppose -3*g = 4*y - 58, y + 0*y - 17 = -p*g. Calculate the remainder when 76 is divided by y.
11
Let v(o) = -21*o - 247. What is the remainder when v(-61) is divided by 45?
44
Let y(c) = 87*c**2 - 2*c + 2. Let r be y(-1). Let t = -73 + r. Calculate the remainder when 141 is divided by t.
15
Let n(o) = -o**3 + 2*o**2 - 2*o + 3. Let l be n(0). Suppose z - 6*z + 11 = -l*j, -3*j = -3*z + 3. Calculate the remainder when z is divided by 3 + 0 + 2 + -2.
1
Suppose -24 = -2*c + 32. Suppose -58*i + c = -57*i. Calculate the remainder when 105 is divided by i.
21
Let x = 12 - 2. Suppose 0 = 5*i - 5*l - 215, -2*l = -5*i - l + 235. Calculate the remainder when i is divided by x.
8
Let s(n) = n - 10. Let f be s(10). Suppose -3*v + 2*v + 5 = f. Let b = 20 - 11. What is the remainder when b is divided by v?
4
Suppose 5*f = -n - 0*n + 50, -2*f - 65 = -3*n. Calculate the remainder when 121 is divided by n.
21
Let q(g) = 10*g - 191. Calculate the remainder when 59 is divided by q(22).
1
Suppose -3*l - 4*t = -174, 0 = 4*l - 2*l - 3*t - 133. Let c = l - 9. What is the remainder when c is divided by 18?
17
Let o be (-1 + 3/2)*0. Suppose -b = 5*w - 25, 4*b + 2*w - 13 - 87 = o. Suppose 9 = 2*s - 19. Calculate the remainder when b is divided by s.
11
Let c(a) = a**2. Let s be c(-4). Suppose 0 = 4*i - s, -3*d + 2*i = -178 - 27. Calculate the remainder when d is divided by 18.
17
Let q = 4 - 2. What is the remainder when 2/(-4) + (-22)/(-4) + 2 is divided by q?
1
Suppose 73 = 2*y - 5*t, -2*y - 23 = 3*t - 104. Calculate the remainder when y is divided by 11.
6
Let m(d) = d**3 + 8*d**2 + 9*d + 14. Suppose 2*x - 5*x - 12 = 0. What is the remainder when 167 is divided by m(x)?
41
What is the remainder when (-1694)/(-22) + 1*(2 + -6) is divided by 2?
1
Suppose -217*d = -221*d + 48. What is the remainder when 573 is divided by d?
9
Suppose 2*b - 102 = -v - 3*v, -2*b = -2*v + 36. Let x be (-10)/(-10) - (-2 + 9). Let o = x + v. What is the remainder when 66 is divided by o?
15
Suppose 4*z - 36 + 136 = 0. Let k = -5 - z. Suppose 0 = 4*x - k, -4*r - 4*x + 155 = -r. What is the remainder when r is divided by 16?
13
Suppose 7*m - 56 = 28. Let l(x) be the second derivative of x**5/20 - 13*x**4/12 + 2*x**3 + 3*x**2/2 - x. Calculate the remainder when l(m) is divided by 2.
1
Suppose -v - m + 49 = -3*m, 3*v - m = 167. Let h = 15 + -5. What is the remainder when v is divided by h?
7
Suppose -17*h = -7*h - 90. What is the remainder when 98 is divided by h?
8
Let a = 46 - 37. What is the remainder when 64 is divided by a?
1
Let p(n) = 6*n + 4. Let q(v) = 36*v - 66*v + 33*v + 2. Let d(t) = -2*p(t) + 5*q(t). Calculate the remainder when d(4) is divided by 8.
6
Suppose 0 = -u - 4*n + 34, -5*n + 0*n = 4*u - 92. What is the remainder when 448 is divided by u?
16
Suppose 5*k = 0, 3*c - k - 81 = -5*k. Suppose 0 = 3*x - 2*y - 25, -x + 3*y - 3 = -2. What is the remainder when c is divided by x?
5
Let p(l) = 27*l**2 - 1. Suppose 4*b - 11 = i, -7*b - 5*i + 13 = -10*b. Calculate the remainder when p(-1) is divided by b.
2
Let p = -1263 + 1459. What is the remainder when p is divided by 51?
43
Suppose w - 25 = -8*o + 3*o, 4*o - 3*w - 20 = 0. Suppose -o*k + 6*k - 3*t - 7 = 0, 4*k - 28 = 2*t. What is the remainder when 25 is divided by k?
4
Let h(i) = -i**3 - 8*i**2 - i + 2. Let u be h(-8). Let f = u - 7. Let c = 1 + 2. Calculate the remainder when f is divided by c.
0
Suppose 70 = y - 60. Suppose 2*q - y = -3*q - z, -q = 5*z - 2. Suppose 5*k + q + 120 = 3*d, -5*d + 3*k = -229. Calculate the remainder when d is divided by 15.
14
Suppose 12*p - 11*p - 88 = 0. Let y = -69 + p. What is the remainder when y is divided by 13?
6
Suppose 4*o - 4*g = o - 274, -3*o = -2*g + 284. Let f = o - -119. Suppose b = -2*b + 111. Calculate the remainder when b is divided by f.
16
Let o be (2/2)/(11/341). Let a = o + -14. Let y(d) = -9*d - 3. What is the remainder when y(-4) is divided by a?
16
Suppose 10*c = 515 + 335. Suppose -w + c = 5*v + 2*w, -2*v = -5*w - 65. What is the remainder when 58 is divided by v?
18
Let r(q) = 29*q + 1071. Let u(a) = a**2 - 6*a + 9. What is the remainder when r(-36) is divided by u(6)?
0
Let l(v) = 2*v**3 - 2*v**2 - 4*v + 2. Let q be l(4). Suppose f - q = 7. Calculate the remainder when f is divided by 23.
20
Let z = 936 + -917. Calculate the remainder when z is divided by 4.
3
Suppose -g = 2*i - 59, -i - 17 = -2*i + 2*g. Let a be 2/(-1 - 44/(-42)). Suppose 0 = -2*c + a - 12. Calculate the remainder when i is divided by c.
12
Suppose -1 = 4*k + 11, -i = -5*k + 2. Let l be (-2)/(-4) + 51/(-2). Let v = i - l. What is the remainder when 23 is divided by v?
7
Let d = 37 + -17. Suppose r + 3*z - d = 0, -z + 34 = 4*r - 24. Calculate the remainder when 27 is divided by r.
13
Suppose 4*r = 12, 5*o - 4*r - 2 = 6. Calculate the remainder when o is divided by -2 + 8/6*3.
0
Let o(x) = 7*x - 11. Let f be o(5). Let a = 40 - f. What is the remainder when 44 is divided by a?
12
Let i = 1265 + -1123. What is the remainder when i is divided by 37?
31
What is the remainder when 394 is divided by 526/32*4 + 1/4?
64
Let w = -903 - -949. Calculate the remainder when 92 is divided by w.
0
Let x be 1/(-4) - ((-216)/(-32) + -4). Suppose 0*h - 3*h = -p - 10, h = 4. Calculate the remainder when 47 is divided by p + x + 3 + 10.
11
Let x(b) = -10 - 15*b**2 - b**3 - 8*b + 20*b - 12 + 11*b. What is the remainder when x(-17) is divided by 42?
39
Let c(r) = -7*r - 23. Let i(q) = -10*q - 34. Let g(w) = -7*c(w) + 5*i(w). Let p be g(-7). Calculate the remainder when 4 is divided by (-7)/(-7) - (1 + p).
0
Let l = -103 - -147. Suppose k - l = -10. What is the remainder when k is divided by 12?
10
Let f(n) = n**2 + 56*n + 108. Calculate the remainder when f(-55) is divided by 14*(-2 - 0 - -4).
25
Let f(c) = c + 24. Let i be f(-21). Suppose 5*v - 15 = 0, 0 = 5*b - i*v + 84 - 785. What is the remainder when b is divided by 36?
34
Let y = -8 - -10. Suppose 4*l - a - 75 = 144, -2*a = -y*l + 108. What is the remainder when l is divided by 14?
13
Suppose 67 + 9 = 4*g. Let r be (4 - (-305)/10)*2. Let u = r - 34. Calculate the remainder when u is divided by g.
16
Suppose -5*w - 3*s + 157 = 0, -5*s - 36 - 2 = -2*w. Let q = w + 40. Calculate the remainder when q is divided by 18.
15
Let b(r) = r**3 - 38*r**2 + 37*r + 84. Calculate the remainder when 329 is divided by b(37).
77
Suppose -16*c = 31 - 319. What is the remainder when 71 is divided by c?
17
Let k be (-1 - 10/(-4))*34. Let u = k + -19. Let w = -15 - -26. What is the remainder when u is divided by w?
10
Let b be 9/4 - (-2)/(-8). Let g be (0 - b)*30/(-12). Let h = g - -4. Calculate the remainder when 16 is divided by h.
7
Let c(b) = b**2 - 4*b + 10. Let i(d) = 3*d**3 - d**2 + 2*d. Let t be i(1). Calculate the remainder when 98 is divided by c(t).
8
Let g = 565 + -563. Calculate the remainder when 23 is divided by g.
1
Let c be -3 - (2 - 50/2). Suppose -295 - c = -3*t + g, 3*g = 0. Let o = 122 - 95. What is the remainder when t is divided by o?
24
Let g = -45 - -99. Let r = 1489 + -1475. Calculate the remainder when g is divided by r.
12
Suppose -2*l - 4*x = -1 - 37, 4*x = 4. Suppose 4*r = -r - 3*s + l, 3*s = 5*r - 23. What is the remainder when 14 is divided by r?
2
Suppose 5*t + 9 = -s, -71 = -5*s + 2*t + 2*t. Let l be 4/(-10) + (-73)/5. Let r = s - l. What is the remainder when 76 is divided by r?
24
Let o = -14 - -21. Let n(q) = -2*q**2 + 17*q. Calculate the remainder when n(o) is divided by 1 - 1*14/(-2).
5
Suppose -s + 61 = -w, 3*s - w = -2*s + 289. Suppose h + 5*r = 7, -3*r - s = -h - 2*h. Let l(y) = -13*y + 2. What is the remainder when l(-5) is divided by h?
16
Suppose -4*u + b + 71 = -u, b - 97 = -4*u. Calculate the remainder when 12 - (-1 + -2)*67 is divided by u.
21
Suppose -253 = -2*i + v, 2*i - 262 = -4*v + 2*v. Suppose -5*x + i - 23 = 0. Calcul